{"id":1486,"date":"2024-07-31T21:53:26","date_gmt":"2024-07-31T19:53:26","guid":{"rendered":"https:\/\/levoyagedesptitsfaons.com\/?page_id=1486"},"modified":"2024-07-31T21:54:24","modified_gmt":"2024-07-31T19:54:24","slug":"lvdpf-nos-tarifs","status":"publish","type":"page","link":"https:\/\/levoyagedesptitsfaons.com\/index.php\/lvdpf-nos-tarifs\/","title":{"rendered":"LVDPF &#8211; Nos tarifs"},"content":{"rendered":"<section class=\"wpb-content-wrapper\"><p>[vc_row full_width=\u00a0\u00bbstretch_row_content\u00a0\u00bb content_placement=\u00a0\u00bbmiddle\u00a0\u00bb el_id=\u00a0\u00bbtarifs\u00a0\u00bb][vc_column css=\u00a0\u00bb.vc_custom_1688728557782{background-color: #fdc99f !important;}\u00a0\u00bb]<div id=\"sc_title_6251958\"\n\t\tclass=\"sc_title sc_title_default clem-color\"><h2 class=\"sc_item_title sc_title_title sc_align_center sc_item_title_style_default\">Nos tarifs<\/h2><\/div><!-- \/.sc_title -->[\/vc_column][\/vc_row][vc_row full_width=\u00a0\u00bbstretch_row_content\u00a0\u00bb content_placement=\u00a0\u00bbmiddle\u00a0\u00bb][vc_column]<div id=\"sc_title_59875797\"\n\t\tclass=\"sc_title sc_title_default clem-h2\"><h2 class=\"sc_item_title sc_title_title sc_align_center sc_item_title_style_default sc_item_title_tag\">Faites vos calculs gr\u00e2ce au cr\u00e9dit d'imp\u00f4t et au compl\u00e9ment du libre choix de mode de garde<\/h2><\/div><!-- \/.sc_title -->[\/vc_column][\/vc_row][vc_row back_image=\u00a0\u00bb\u00a0\u00bb css=\u00a0\u00bb.vc_custom_1688727166625{margin-top: 30px !important;margin-bottom: 15px !important;}\u00a0\u00bb][vc_column width=\u00a0\u00bb1\/2&Prime;][vc_single_image image=\u00a0\u00bb1450&Prime; img_size=\u00a0\u00bbfull\u00a0\u00bb alignment=\u00a0\u00bbcenter\u00a0\u00bb css=\u00a0\u00bb.vc_custom_1688738779970{margin-bottom: 15px !important;}\u00a0\u00bb][vc_column_text]<\/p>\n<h4 style=\"text-align: center;\"><span style=\"font-weight: 400;\">Cr\u00e9dit d&rsquo;imp\u00f4ts<\/span><\/h4>\n<p style=\"text-align: center;\"><span style=\"font-weight: 400;\">Chaque famille peut b\u00e9n\u00e9ficier d\u2019un Cr\u00e9dit d\u2019imp\u00f4t sur le revenu, \u00e9gal \u00e0 50% des sommes vers\u00e9es dans la limite de 3500 \u20ac par an et par enfant.<\/span><\/p>\n<p style=\"text-align: center;\"><span style=\"font-weight: 400;\">Pour v\u00e9rifier votre situation, consulter le site des imp\u00f4ts.<\/span><\/p>\n<p><script src=\"chrome-extension:\/\/bmdblncegkenkacieihfhpjfppoconhi\/scripts\/in-page-script.js\" type=\"text\/javascript\"><\/script>[\/vc_column_text][vc_btn title=\u00a0\u00bbSimuler mon aide\u00a0\u00bb style=\u00a0\u00bbflat\u00a0\u00bb color=\u00a0\u00bbinfo\u00a0\u00bb align=\u00a0\u00bbcenter\u00a0\u00bb link=\u00a0\u00bburl:https%3A%2F%2Fwww.service-public.fr%2Fparticuliers%2Fvosdroits%2FF8|title:Simuler%20mon%20aide|target:_blank\u00a0\u00bb][\/vc_column][vc_column width=\u00a0\u00bb1\/2&Prime;][vc_single_image image=\u00a0\u00bb1449&Prime; img_size=\u00a0\u00bbfull\u00a0\u00bb alignment=\u00a0\u00bbcenter\u00a0\u00bb css=\u00a0\u00bb.vc_custom_1688738787968{margin-bottom: 15px !important;}\u00a0\u00bb][vc_column_text]<\/p>\n<h4 style=\"text-align: center;\"><span style=\"font-weight: 400;\">Compl\u00e9ment du libre choix de mode de garde<\/span><\/h4>\n<p style=\"text-align: center;\"><span style=\"font-weight: 400;\">Le Compl\u00e9ment de Libre Choix du Mode de Garde (Structure), vers\u00e9 mensuellement par la Caisse d\u2019Allocations Familiales est calcul\u00e9 en fonction des ressources et du nombre d\u2019enfants.<\/span><\/p>\n<p style=\"text-align: center;\"><span style=\"font-weight: 400;\">Pour v\u00e9rifier votre situation, consulter le site de la CAF.<\/span><\/p>\n<p><script src=\"chrome-extension:\/\/bmdblncegkenkacieihfhpjfppoconhi\/scripts\/in-page-script.js\" type=\"text\/javascript\"><\/script>[\/vc_column_text][vc_btn title=\u00a0\u00bbConsulter la CAF\u00a0\u00bb style=\u00a0\u00bbflat\u00a0\u00bb color=\u00a0\u00bbinfo\u00a0\u00bb align=\u00a0\u00bbcenter\u00a0\u00bb link=\u00a0\u00bburl:http%3A%2F%2Fwww.caf.fr%2Fallocataires%2Fdroits-et-prestations%2Fs-informer-sur-les-aides%2Fpetite-enfance%2Fle-complement-de-libre-choix-du-mode-de-garde|title:Consulter%20la%20CAF|target:_blank\u00a0\u00bb][\/vc_column][\/vc_row]<\/p>\n<\/section>","protected":false},"excerpt":{"rendered":"<p>[vc_row full_width=\u00a0\u00bbstretch_row_content\u00a0\u00bb content_placement=\u00a0\u00bbmiddle\u00a0\u00bb el_id=\u00a0\u00bbtarifs\u00a0\u00bb][vc_column css=\u00a0\u00bb.vc_custom_1688728557782{background-color: #fdc99f !important;}\u00a0\u00bb][\/vc_column][\/vc_row][vc_row full_width=\u00a0\u00bbstretch_row_content\u00a0\u00bb content_placement=\u00a0\u00bbmiddle\u00a0\u00bb][vc_column][\/vc_column][\/vc_row][vc_row back_image=\u00a0\u00bb\u00a0\u00bb css=\u00a0\u00bb.vc_custom_1688727166625{margin-top: 30px !important;margin-bottom: 15px !important;}\u00a0\u00bb][vc_column width=\u00a0\u00bb1\/2&Prime;][vc_single_image image=\u00a0\u00bb1450&Prime; img_size=\u00a0\u00bbfull\u00a0\u00bb alignment=\u00a0\u00bbcenter\u00a0\u00bb css=\u00a0\u00bb.vc_custom_1688738779970{margin-bottom: 15px !important;}\u00a0\u00bb][vc_column_text] Cr\u00e9dit d&rsquo;imp\u00f4ts Chaque famille peut b\u00e9n\u00e9ficier d\u2019un Cr\u00e9dit d\u2019imp\u00f4t sur le revenu, \u00e9gal \u00e0 50% des sommes vers\u00e9es dans la limite de 3500&hellip;<\/p>\n","protected":false},"author":1,"featured_media":0,"parent":0,"menu_order":0,"comment_status":"closed","ping_status":"closed","template":"","meta":{"footnotes":""},"class_list":["post-1486","page","type-page","status-publish","hentry"],"_links":{"self":[{"href":"https:\/\/levoyagedesptitsfaons.com\/index.php\/wp-json\/wp\/v2\/pages\/1486","targetHints":{"allow":["GET"]}}],"collection":[{"href":"https:\/\/levoyagedesptitsfaons.com\/index.php\/wp-json\/wp\/v2\/pages"}],"about":[{"href":"https:\/\/levoyagedesptitsfaons.com\/index.php\/wp-json\/wp\/v2\/types\/page"}],"author":[{"embeddable":true,"href":"https:\/\/levoyagedesptitsfaons.com\/index.php\/wp-json\/wp\/v2\/users\/1"}],"replies":[{"embeddable":true,"href":"https:\/\/levoyagedesptitsfaons.com\/index.php\/wp-json\/wp\/v2\/comments?post=1486"}],"version-history":[{"count":2,"href":"https:\/\/levoyagedesptitsfaons.com\/index.php\/wp-json\/wp\/v2\/pages\/1486\/revisions"}],"predecessor-version":[{"id":1488,"href":"https:\/\/levoyagedesptitsfaons.com\/index.php\/wp-json\/wp\/v2\/pages\/1486\/revisions\/1488"}],"wp:attachment":[{"href":"https:\/\/levoyagedesptitsfaons.com\/index.php\/wp-json\/wp\/v2\/media?parent=1486"}],"curies":[{"name":"wp","href":"https:\/\/api.w.org\/{rel}","templated":true}]}}